 11. What is the highest common factor of 60 and h?
20
Let h be 50 - 2*(-11)/22. Let w be (2/6)/(4/204). Suppose 0 = 2*l - l - w. Calculate the highest common divisor of l and h.
17
Suppose -140 = -4*j - 3*w - 30, 0 = 4*w - 8. Suppose 2*f + 31 = 61. Suppose f*y + 4*y - 38 = 0. What is the greatest common factor of y and j?
2
Let y(o) = -3*o**2 - 130*o + 53. Let x be y(-44). Let w(u) = u**2 + 34*u + 43. Let h be w(x). What is the highest common factor of h and 104?
26
Let r = -1538 + 1623. What is the greatest common factor of 1921 and r?
17
Suppose -5*h + 55 = -2*h + m, 4*m = h - 40. Let s = 48238 - 48148. What is the highest common divisor of s and h?
10
Let b(u) = 3*u**3 - 2*u + 3. Let z be b(3). Let o be (-1)/(-7) + (-20 - (-1944)/63) + 67. What is the highest common factor of z and o?
78
Let j be 2/7 - 668/(-14). Suppose -263 + 26 = -3*g. Suppose 2*o + 35 - 97 = -4*d, 3*d - 5*o = g. Calculate the highest common factor of d and j.
6
Let a(v) = -v**3 + 8*v**2 - 14*v + 40. Let h be a(6). Suppose 564 = 5*p + 4*r, 5*p + r - 558 = 3*r. What is the highest common factor of p and h?
28
Let m(n) = 25*n - 92. Let h(d) = -17*d + 61. Let r(u) = -8*h(u) - 5*m(u). Let q be r(6). Let v = 504 - 352. Calculate the greatest common factor of v and q.
38
Suppose -13*y + 4224 = 11*y. Let o be (-54)/((-11)/(y/12)). What is the greatest common divisor of 16 and o?
8
Let i(y) = 20*y**2 + 629*y + 44. Let m be i(-32). What is the highest common divisor of m and 36?
36
Suppose -2*x + 8*x = -24. Let l be (x/5)/((-16)/120). Let c be 10*3 - (-3)/l*-4. Calculate the greatest common factor of 70 and c.
14
Suppose 8*i - 9*i + 69730 = 5*p, -209232 = -3*i - 9*p. Calculate the greatest common factor of i and 15.
15
Let g be (-22 + -2)*(-1)/4 - -4. Let p be 2006/8 + (-9)/12. Calculate the highest common factor of p and g.
10
Suppose 4 = p - 0*p, x + 2*p - 69 = 0. Suppose 4*a - 229 + x = 0. What is the greatest common divisor of 105 and a?
21
Suppose -4*f + 2*y = -752, -2*y = -9 + 1. Let w(z) = 17*z**2 - 421*z - 62. Let t be w(25). Calculate the highest common factor of t and f.
38
Suppose -4 - 3 = 7*q. Let i be (q/(-3))/(26/14586). Let j(t) = -t**2 + 10*t + 1. Let y be j(8). What is the highest common divisor of y and i?
17
Suppose 0 = 7*c + 85 - 113. Suppose 3*z = -0*z + s + 4, 0 = -3*z - c*s - 1. Calculate the greatest common factor of z and 31.
1
Suppose 0 = 70*q - 597668 + 161848. What is the highest common factor of 154 and q?
22
Suppose 25*c = 7*c - 8*c + 44720. Calculate the highest common factor of c and 280.
40
Let r(a) = -a**3 - 6*a**2 - 5*a - 24. Let u be 42/(-105) - (-66)/(-10). Let c be r(u). What is the highest common divisor of c and 60?
60
Suppose 2*w + 0*a = 4*a + 900, 5*w - 5*a - 2260 = 0. Let c = -120 + w. What is the highest common factor of c and 2?
2
Let k(a) = 11*a**3 + 3*a**2 - 7*a + 9. Let x be k(4). Let h = -722 + x. Let r = -235 + 334. Calculate the greatest common divisor of r and h.
11
Let w be (-1)/(-21 - (-55416)/2640). What is the greatest common divisor of w and 781?
11
Let o be 4 + ((-40541)/(-11) - 312/572). Calculate the greatest common divisor of 217 and o.
217
Let v(k) = -k**3 - 24*k**2 - k - 29. Let s be v(-24). Let g be 114/5 - 1/s. Let u = -207 + 529. Calculate the highest common divisor of u and g.
23
Let b be (-2)/(73904/9240 + -8). What is the greatest common divisor of b and 525?
105
Let j = -3359 + 3835. What is the greatest common factor of j and 680?
68
Suppose -5*l = -a + 130, -5*a - 2*l + 53 = -678. What is the greatest common factor of 95 and a?
5
Let q(w) be the third derivative of 7*w**5/15 + w**4/8 - 5*w**3/6 + 14*w**2. Let c be q(2). Let y = c + -73. What is the greatest common factor of 10 and y?
10
Suppose -c + 42 = 3*o, -3 = -3*c - 21. Suppose 3*h = -0*h + 396. Suppose h - 20 = f. What is the highest common divisor of f and o?
16
Let d be (-48)/312 - (-2)/13. Suppose d = -20*r - 73 + 913. What is the highest common factor of 42 and r?
42
Let d be -4 + 4 + 28 - ((-2 - -1) + 3). Suppose 0 = 2*u, -4*q - 2*u + 0*u + 12 = 0. Suppose -39 = q*n - 117. What is the highest common divisor of d and n?
26
Let t(k) = k**2 + 6*k - 16. Let i be t(14). Let g be (48/64)/((-910)/1600 - 3/(-5)). What is the highest common factor of i and g?
24
Let h be 165 + ((-3)/(-6) - 3)*-2. Let n = h - -320. What is the highest common divisor of n and 10?
10
Let z = -30 - 105. Let o = -132 - z. Suppose -2 = 3*f - 5, o*d + 5*f - 170 = 0. Calculate the highest common factor of d and 22.
11
Let j(c) = 2*c**3 + 7*c**2 + 10*c + 3. Let s be j(-1). Let q(z) = -106*z + 26. Let y be q(s). Calculate the highest common divisor of 70 and y.
14
Suppose -814 = -287*j + 5*j + 32. Calculate the greatest common factor of j and 10083.
3
Suppose 0 = -14*q - 0*q + 840. Let x be (32/(-6))/((-40)/q). Calculate the highest common divisor of x and 4.
4
Suppose 140250 = 33*o + 21*o + o. What is the greatest common divisor of 170 and o?
170
Suppose -7*c + 10*c - 21 = 3*d, -5*d + 13 = 3*c. Let y(v) = -4*v**2 + 23*v + 14. Let m be y(c). What is the greatest common factor of m and 44?
4
Suppose -2*y - y = t - 40, y - t - 16 = 0. Suppose 6*b = 61 + 209. Let f be (-6 + (-126)/b)/((-2)/35). Calculate the highest common divisor of y and f.
14
Let j be 609 - ((-86)/(-16) + ((-54)/(-48))/(-3)). What is the greatest common factor of 2869 and j?
151
Suppose 8 = s + 13. Let l be s/((-5)/28)*2. Suppose -14*v - 14 = -15*v. What is the highest common factor of v and l?
14
Suppose 2 = o - 5*g, -2*g + 6 = 11*o - 8*o. Suppose -291 = -o*a - 5*y + 29, -y = a - 160. What is the highest common factor of 10 and a?
10
Suppose -4*o - g + 29561 = 0, -4*o - 4*g + 29573 = -7*g. Calculate the greatest common factor of o and 19.
19
Suppose 0 = -5*d - 5*b + 235, -126*b = 3*d - 127*b - 121. What is the greatest common divisor of 78 and d?
6
Suppose -15*i + 33372 = -8958. What is the highest common divisor of i and 34?
34
Let k(z) = -24*z + 102. Let q(t) = 26*t - 102. Let s(p) = -4*k(p) - 3*q(p). Let c be s(7). Calculate the greatest common divisor of 162 and c.
6
Let y be 622438/28 - 607/(-8498). Calculate the greatest common factor of y and 13.
13
Suppose -2*i - 11 = -b - 2, 0 = 5*b + 2*i - 45. Let j be ((-6)/4)/(b/(-108)). What is the greatest common factor of 30 and j?
6
Let w be (-25120)/(-112) + (-2)/7. Suppose 2*h = 2*u + h - w, -3*h - 452 = -4*u. Calculate the greatest common factor of 11 and u.
11
Let f(z) = -z**3 - 3*z**2 - z + 2. Let l be f(-3). Suppose 5*p - 783 = -3*m + 254, -p = -4*m - 189. What is the highest common factor of l and p?
5
Suppose -3*c + 672 = 3*t, -51*c + 48*c = 2*t - 667. Calculate the highest common factor of 5840 and c.
73
Let m be 104 + -9 + -5*(-2)/(6/(-3)). Let k(b) = -2*b + 1. Let q be k(-2). Suppose -180 = -q*g - 0*g. Calculate the greatest common divisor of g and m.
18
Let w(s) = -975*s**3 - s**2 + 48*s + 49. Let m be w(-1). Calculate the greatest common divisor of m and 39.
39
Suppose 0 = 3*k - 3*r - 90, 2*k - 13 - 77 = -3*r. What is the greatest common factor of 2628 and k?
36
Let p be (0 + 1)/(20/80). Suppose -600 = -p*z - 40. Let n(m) = 19*m - 1. Let h be n(3). Calculate the highest common divisor of h and z.
28
Suppose o + 475 = 4*s, 185*s - 2*o - 350 = 182*s. Calculate the greatest common divisor of 6870 and s.
30
Let q(v) = 21*v - 355. Let x be q(74). Calculate the greatest common factor of x and 1090.
109
Suppose 0 = -5*l - 5*i - 2155, -9*i + 8*i + 1309 = -3*l. Let n be l/(-58) + 2/4. What is the greatest common factor of 184 and n?
8
Let k = 3985 + -3853. Calculate the highest common divisor of 4026 and k.
66
Let g be 10*((-48)/(-9) - 20/150). Let u = 42 + -29. Calculate the highest common divisor of u and g.
13
Let p(q) = 420*q - 6484. Let h be p(16). What is the greatest common divisor of h and 4779?
59
Let n be (-3)/((-6)/49)*6. Let l(u) = 136*u + u**2 + 13 - n*u + u**2. Let c be l(7). What is the highest common factor of 85 and c?
17
Let v(f) = f**2 - 5. Let g be v(-3). Suppose -p + g*p = 12. Suppose -4*s + 9*s = 40. Calculate the greatest common factor of p and s.
4
Suppose -3*q + 2*a = -10245, -12*q = -3*a - 54148 + 13138. What is the highest common factor of 13 and q?
13
Let s(u) = 5*u**3 - 24*u**2 + 8*u + 10. Let r be s(7). What is the greatest com